{"id":1886,"date":"2025-07-25T19:23:43","date_gmt":"2025-07-25T22:23:43","guid":{"rendered":"http:\/\/cervezadelpuerto.cl\/tienda\/?post_type=product&#038;p=1886"},"modified":"2026-02-02T10:34:23","modified_gmt":"2026-02-02T13:34:23","slug":"del-puerto-session-ipa-12-unidades-lata-473cc","status":"publish","type":"product","link":"https:\/\/cervezadelpuerto.cl\/tienda\/producto\/del-puerto-session-ipa-12-unidades-lata-473cc\/","title":{"rendered":"Del Puerto 12 Latas Session IPA 473cc"},"content":{"rendered":"<p>Reconocida internacionalmente, nuestra Session IPA ha sido premiada por su equilibrio entre potencia arom\u00e1tica y tomabilidad. Con un perfil frutal intenso y un amargor redondo, representa fielmente el estilo en una versi\u00f3n ligera, fresca y contempor\u00e1nea. Una IPA con car\u00e1cter, pensada para disfrutar sin excesos.<\/p>\n<p>Maridaje: Quesos azules o maduros, platos especiados, pescaos marinados, costillar a la chilena, papas fritas o chorrillana, Ideal para acompa\u00f1ar preparaciones con alto contenido graso u especias.<\/p>\n<p>GL 4,7\u00b0<br \/>\nIBU 45<br \/>\nSRM 4-6<br \/>\nT\u00b0 6-8\u00b0<\/p>\n","protected":false},"excerpt":{"rendered":"<p>Reconocida internacionalmente, nuestra Session IPA ha sido premiada por su equilibrio entre potencia arom\u00e1tica y tomabilidad. Con un perfil frutal intenso y un amargor redondo, representa fielmente el estilo en una versi\u00f3n ligera, fresca y contempor\u00e1nea. Una IPA con car\u00e1cter, pensada para disfrutar sin excesos. Maridaje: Quesos azules o maduros, platos especiados, pescaos marinados, costillar &hellip;<\/p>\n<p class=\"read-more\"> <a class=\"\" href=\"https:\/\/cervezadelpuerto.cl\/tienda\/producto\/del-puerto-session-ipa-12-unidades-lata-473cc\/\"> <span class=\"screen-reader-text\">Del Puerto 12 Latas Session IPA 473cc<\/span> Leer m\u00e1s &raquo;<\/a><\/p>\n","protected":false},"featured_media":1887,"comment_status":"open","ping_status":"closed","template":"","meta":[],"product_brand":[],"product_cat":[16,60,21,22,24],"product_tag":[],"class_list":{"0":"post-1886","1":"product","2":"type-product","3":"status-publish","4":"has-post-thumbnail","6":"product_cat-estilos","7":"product_cat-latas","8":"product_cat-packs","9":"product_cat-packs-12","10":"product_cat-session-ipa","12":"first","13":"instock","14":"shipping-taxable","15":"purchasable","16":"product-type-simple"},"_links":{"self":[{"href":"https:\/\/cervezadelpuerto.cl\/tienda\/wp-json\/wp\/v2\/product\/1886","targetHints":{"allow":["GET"]}}],"collection":[{"href":"https:\/\/cervezadelpuerto.cl\/tienda\/wp-json\/wp\/v2\/product"}],"about":[{"href":"https:\/\/cervezadelpuerto.cl\/tienda\/wp-json\/wp\/v2\/types\/product"}],"replies":[{"embeddable":true,"href":"https:\/\/cervezadelpuerto.cl\/tienda\/wp-json\/wp\/v2\/comments?post=1886"}],"wp:featuredmedia":[{"embeddable":true,"href":"https:\/\/cervezadelpuerto.cl\/tienda\/wp-json\/wp\/v2\/media\/1887"}],"wp:attachment":[{"href":"https:\/\/cervezadelpuerto.cl\/tienda\/wp-json\/wp\/v2\/media?parent=1886"}],"wp:term":[{"taxonomy":"product_brand","embeddable":true,"href":"https:\/\/cervezadelpuerto.cl\/tienda\/wp-json\/wp\/v2\/product_brand?post=1886"},{"taxonomy":"product_cat","embeddable":true,"href":"https:\/\/cervezadelpuerto.cl\/tienda\/wp-json\/wp\/v2\/product_cat?post=1886"},{"taxonomy":"product_tag","embeddable":true,"href":"https:\/\/cervezadelpuerto.cl\/tienda\/wp-json\/wp\/v2\/product_tag?post=1886"}],"curies":[{"name":"wp","href":"https:\/\/api.w.org\/{rel}","templated":true}]}}